late the remainder when 10037 is divided by 252.
209
Calculate the remainder when 10191 is divided by 10163.
28
Calculate the remainder when 34787 is divided by 1345.
1162
What is the remainder when 780785 is divided by 53?
42
What is the remainder when 2073 is divided by 67?
63
Calculate the remainder when 28700 is divided by 2390.
20
What is the remainder when 212 is divided by 63?
23
Calculate the remainder when 2472742 is divided by 18.
10
Calculate the remainder when 3629 is divided by 276.
41
Calculate the remainder when 61417 is divided by 239.
233
Calculate the remainder when 50955 is divided by 5658.
33
What is the remainder when 2761 is divided by 516?
181
What is the remainder when 801 is divided by 296?
209
What is the remainder when 10152 is divided by 845?
12
What is the remainder when 505490 is divided by 1239?
1217
What is the remainder when 2758 is divided by 1202?
354
What is the remainder when 78990 is divided by 427?
422
Calculate the remainder when 83 is divided by 13.
5
What is the remainder when 57583 is divided by 70?
43
What is the remainder when 9738 is divided by 71?
11
Calculate the remainder when 21911 is divided by 414.
383
What is the remainder when 8129 is divided by 61?
16
Calculate the remainder when 20873 is divided by 548.
49
What is the remainder when 44867 is divided by 91?
4
Calculate the remainder when 579 is divided by 115.
4
Calculate the remainder when 1173356 is divided by 240.
236
What is the remainder when 558 is divided by 463?
95
What is the remainder when 13397 is divided by 22?
21
Calculate the remainder when 5880 is divided by 489.
12
What is the remainder when 207748 is divided by 150?
148
Calculate the remainder when 57376 is divided by 617.
612
What is the remainder when 200350 is divided by 270?
10
What is the remainder when 4566831 is divided by 1264?
1263
Calculate the remainder when 3418 is divided by 1679.
60
Calculate the remainder when 228 is divided by 135.
93
Calculate the remainder when 217096 is divided by 142.
120
Calculate the remainder when 10593 is divided by 449.
266
What is the remainder when 26878 is divided by 56?
54
What is the remainder when 17302 is divided by 5767?
1
What is the remainder when 18147 is divided by 18137?
10
Calculate the remainder when 4975 is divided by 63.
61
Calculate the remainder when 2730487 is divided by 111.
109
What is the remainder when 123943 is divided by 1530?
13
What is the remainder when 20211 is divided by 6214?
1569
What is the remainder when 3733 is divided by 208?
197
Calculate the remainder when 3668 is divided by 24.
20
What is the remainder when 4492 is divided by 36?
28
Calculate the remainder when 332192 is divided by 33.
14
What is the remainder when 374896 is divided by 92?
88
What is the remainder when 26175 is divided by 1047?
0
Calculate the remainder when 6405 is divided by 1273.
40
Calculate the remainder when 82703 is divided by 17.
15
Calculate the remainder when 12458 is divided by 1381.
29
What is the remainder when 2422 is divided by 645?
487
Calculate the remainder when 1999478 is divided by 11.
8
What is the remainder when 9176 is divided by 249?
212
What is the remainder when 4726 is divided by 651?
169
What is the remainder when 55608 is divided by 415?
413
What is the remainder when 971 is divided by 170?
121
Calculate the remainder when 159781 is divided by 101.
100
What is the remainder when 104032 is divided by 1553?
1534
What is the remainder when 40165 is divided by 628?
601
What is the remainder when 2924 is divided by 10?
4
What is the remainder when 109865 is divided by 398?
17
What is the remainder when 380158 is divided by 720?
718
Calculate the remainder when 2762 is divided by 915.
17
What is the remainder when 7570 is divided by 7515?
55
Calculate the remainder when 2234173 is divided by 134.
125
What is the remainder when 1112506 is divided by 1250?
6
What is the remainder when 178583 is divided by 151?
101
What is the remainder when 15732 is divided by 929?
868
What is the remainder when 9958 is divided by 23?
22
What is the remainder when 50835 is divided by 50811?
24
Calculate the remainder when 91398 is divided by 35.
13
Calculate the remainder when 5650 is divided by 716.
638
Calculate the remainder when 13728 is divided by 2744.
8
Calculate the remainder when 6565 is divided by 4.
1
Calculate the remainder when 16643 is divided by 8318.
7
Calculate the remainder when 23247 is divided by 4407.
1212
Calculate the remainder when 212540 is divided by 492.
488
What is the remainder when 568592 is divided by 13868?
4
Calculate the remainder when 61375 is divided by 208.
15
Calculate the remainder when 21291 is divided by 687.
681
What is the remainder when 751336 is divided by 603?
601
What is the remainder when 5133 is divided by 1673?
114
Calculate the remainder when 948628 is divided by 18.
10
Calculate the remainder when 295886 is divided by 727.
724
What is the remainder when 289 is divided by 121?
47
What is the remainder when 43613 is divided by 305?
303
What is the remainder when 16931 is divided by 8463?
5
What is the remainder when 14726 is divided by 123?
89
What is the remainder when 1633 is divided by 67?
25
Calculate the remainder when 220845 is divided by 440.
405
Calculate the remainder when 3777 is divided by 260.
137
What is the remainder when 2462 is divided by 32?
30
Calculate the remainder when 94782 is divided by 213.
210
Calculate the remainder when 3137 is divided by 821.
674
Calculate the remainder when 14432 is divided by 380.
372
What is the remainder when 2833 is divided by 40?
33
What is the remainder when 128465 is divided by 494?
25
Calculate the remainder when 28153 is divided by 108.
73
What is the remainder when 260 is divided by 45?
35
What is the remainder when 37686 is divided by 20?
6
What is the remainder when 1933 is divided by 1732?
201
Calculate the remainder when 1895067 is divided by 905.
902
Calculate the remainder when 126204 is divided by 46.
26
Calculate the remainder when 18366 is divided by 8.
6
Calculate the remainder when 62360 is divided by 59.
56
Calculate the remainder when 20131 is divided by 412.
355
What is the remainder when 28220 is divided by 39?
23
What is the remainder when 461175 is divided by 230584?
7
Calculate the remainder when 66526 is divided by 1210.
1186
What is the remainder when 26688 is divided by 47?
39
Calculate the remainder when 4451277 is divided by 816.
813
Calculate the remainder when 28652 is divided by 925.
902
Calculate the remainder when 9479 is divided by 395.
394
What is the remainder when 657076 is divided by 93867?
7
Calculate the remainder when 150015 is divided by 625.
15
Calculate the remainder when 35068 is divided by 74.
66
Calculate the remainder when 6499 is divided by 875.
374
Calculate the remainder when 62529 is divided by 15625.
29
What is the remainder when 461 is divided by 199?
63
Calculate the remainder when 177952 is divided by 3016.
8
What is the remainder when 45234 is divided by 533?
462
What is the remainder when 204049 is divided by 55?
54
What is the remainder when 9001 is divided by 1472?
169
What is the remainder when 3033 is divided by 606?
3
Calculate the remainder when 1070 is divided by 110.
80
Calculate the remainder when 5369 is divided by 82.
39
Calculate the remainder when 6364199 is divided by 100.
99
Calculate the remainder when 197796 is divided by 139.
138
What is the remainder when 4828 is divided by 885?
403
Calculate the remainder when 9044 is divided by 20.
4
What is the remainder when 101217 is divided by 7?
4
Calculate the remainder when 6658 is divided by 30.
28
What is the remainder when 806978 is divided by 514?
512
What is the remainder when 257607 is divided by 36?
27
Calculate the remainder when 1477010 is divided by 138.
134
Calculate the remainder when 3982 is divided by 268.
230
Calculate the remainder when 100644 is divided by 13.
11
Calculate the remainder when 31091 is divided by 169.
164
What is the remainder when 10893 is divided by 24?
21
Calculate the remainder when 2970 is divided by 56.
2
What is the remainder when 40304 is divided by 272?
48
What is the remainder when 8027 is divided by 796?
67
What is the remainder when 34866 is divided by 1056